11010111001
-b54804 (base 14) to base 8
-27262364
What is 692d8 (base 14) in base 8?
763436
What is -5238b (base 13) in base 8?
-440555
What is 2240531 (base 7) in base 14?
73851
Convert -1381297 (base 11) to base 2.
-1001000011011110010001
What is 8875025 (base 9) in base 4?
102031122023
Convert 1488700 (base 9) to base 4.
3021302130
What is 203111234 (base 5) in base 4?
3023021011
What is 808378 (base 9) in base 2?
1110100110101001010
-102336344 (base 7) to base 14
-b3a624
What is 110221112202201 (base 3) in base 9?
13845681
357373 (base 9) to base 8
644504
What is 11254 (base 15) in base 11?
37a72
-15a2053 (base 13) to base 3
-111010021122002
-10011010000111101110 (base 2) to base 11
-3a131a
1000010001000111 (base 2) to base 15
a078
What is 121f1 (base 16) in base 10?
74225
Convert -303534 (base 6) to base 16.
-5e72
What is 34332 (base 9) in base 5?
1212441
What is 1041255 (base 9) in base 5?
120334001
-110011011111100000 (base 2) to base 8
-633740
Convert 1623466 (base 10) to base 11.
a09809
-25cc477 (base 13) to base 2
-101101010100011000010001
-221000002200 (base 3) to base 4
-1320021303
Convert -51121623 (base 7) to base 3.
-22000022100220
156571 (base 9) to base 4
113212321
Convert -8f57 (base 16) to base 13.
-13919
b66 (base 16) to base 10
2918
What is 1240308 (base 11) in base 3?
11001100210212
What is 779b (base 13) in base 8?
40462
What is 1492266 (base 13) in base 3?
110100222121210
What is -102102012200120 (base 3) in base 2?
-10111001001000101001110
What is 77616 (base 12) in base 8?
464662
Convert 1260a25 (base 14) to base 13.
1aa57c0
What is 1539635 (base 12) in base 2?
10000011011111101001001
What is 1527433 (base 8) in base 11?
27a121
What is 156759 (base 10) in base 7?
1222011
What is -70875b (base 14) in base 3?
-21010110101201
What is 4301411441 (base 5) in base 16?
89887b
What is -4570254 (base 9) in base 12?
-9ab8b7
Convert -12122011020202 (base 3) to base 15.
-3e25ae
Convert 111033232 (base 4) to base 14.
239dc
Convert -1a16fb (base 16) to base 6.
-100351455
-995869 (base 10) to base 9
-1777061
Convert 8723 (base 15) to base 3.
1110020120
What is 2cd40 (base 14) in base 9?
181118
What is 5b7709 (base 14) in base 11?
184a372
-1b3a0 (base 14) to base 2
-10000111011010000
What is 110023323 (base 4) in base 7?
463026
10002221122112 (base 3) to base 10
1652387
Convert 9807652 (base 10) to base 2.
100101011010011100100100
What is 670dc (base 16) in base 13?
11a18b
-3211434 (base 6) to base 13
-56722
What is -53520424 (base 6) in base 7?
-16304101
Convert 21743306 (base 8) to base 7.
54661055
Convert -6656136 (base 7) to base 14.
-17521d
Convert -467450 (base 9) to base 3.
-112021111200
What is 111001000110011010000 (base 2) in base 4?
13020303100
Convert 669227 (base 10) to base 13.
1a57c0
Convert -16742034 (base 9) to base 7.
-131335540
What is 69722b (base 12) in base 9?
3158028
Convert a789cb (base 15) to base 11.
4559549
24511055 (base 7) to base 4
20122031111
Convert 11022110112201 (base 3) to base 16.
22fa95
What is 37dcc4 (base 14) in base 7?
22216234
What is 9acda (base 15) in base 10?
492280
-302070 (base 9) to base 8
-534754
Convert 31b2c5 (base 15) to base 10.
2366510
-2221001001 (base 3) to base 11
-3a321
Convert -11431555 (base 10) to base 7.
-166111102
Convert 6358840 (base 10) to base 9.
12861617
What is -8b935 (base 13) in base 15?
-504d0
6261656 (base 7) to base 10
754592
Convert -50363460 (base 7) to base 15.
-5799a9
Convert -1020102 (base 9) to base 3.
-1000200010002
-26543013 (base 7) to base 10
-2447658
What is 58064 (base 13) in base 16?
272cf
Convert 257641 (base 14) to base 8.
4723751
What is 6239975 (base 12) in base 16?
11a2d29
Convert -1510206 (base 7) to base 8.
-616635
Convert 112ab57 (base 15) to base 5.
11121200212
-6180387 (base 10) to base 13
-1385145
-13343210 (base 6) to base 8
-1555166
Convert 11470380 (base 9) to base 2.
10101010110011010110000
13604044 (base 8) to base 10
3082276
Convert -1658842 (base 9) to base 5.
-214100213
-23313211 (base 4) to base 8
-136745
What is -6a5a8 (base 11) in base 6?
-2103355
-316ca (base 15) to base 11
-a7887
Convert 1419b1 (base 12) to base 9.
560387
What is -1011011110101010011 (base 2) in base 10?
-376147
-1011100101011010 (base 2) to base 12
-23562
-d43948 (base 15) to base 13
-21220ca
Convert -5136 (base 7) to base 5.
-24131
1362a0 (base 13) to base 9
786517
What is -b05b39 (base 16) in base 15?
-1034779
Convert -191354 (base 13) to base 10.
-631115
-1001020022000 (base 3) to base 15
-ae9c9
What is 42121040 (base 7) in base 13?
974666
Convert -a4e7 (base 15) to base 14.
-c9c7
Convert 535052 (base 7) to base 9.
151502
Convert -36301405 (base 8) to base 16.
-798305
What is -41013403 (base 5) in base 4?
-1100120030
445678 (base 9) to base 6
5414242
-2533126 (base 9) to base 5
-323130402
-11111101001111101 (base 2) to base 10
-129661
45041003 (base 6) to base 12
556163
What is 1111001100001111110110 (base 2) in base 16?
3cc3f6
-10021201000201 (base 3) to base 12
-70249a
Convert 2771898 (base 10) to base 13.
76089c
2000220011012 (base 3) to base 9
2026135
What is -110321303 (base 4) in base 8?
-247163
Convert -19e238 (base 15) to base 3.
-2101011011122
Convert 10b7b (base 15) to base 16.
cfe0
-c728a (base 15) to base 6
-21312321
233114122 (base 5) to base 8
4043443
11011010110111001000 (base 2) to base 15
12a93b
3233324400 (base 5) to base 9
14036374
What is -73d0 (base 15) in base 3?
-1020121020
Convert -5a4013 (base 12) to base 14.
-29d70b
Convert 6231615 (base 7) to base 12.
300600
What is 1120120001 (base 3) in base 6?
355344
281908 (base 11) to base 14
b6d50
What is 223210322100 (base 4) in base 16?
ae4e90
-7386 (base 14) to base 6
-232110
What is -1122321311 (base 4) in base 3?
-200220202102
Convert 133021131 (base 5) to base 9.
1235521
-18b9b (base 13) to base 15
-e3d4
Convert -11013330303 (base 4) to base 15.
-1b8023
-648768 (base 11) to base 5
-231131224
Convert 13330201 (base 4) to base 14.
bc09
Convert -100000100000100010011 (base 2) to base 5.
-233041420
Convert 1974817 (base 10) to base 11.
1129789
Convert 210212102111022 (base 3) to base 10.
11621348
What is 1a7189 (base 12) in base 13?
135354
What is 1010111010100101 (base 2) in base 4?
22322211
a7a08 (base 11) to base 15
31780
10964d (base 14) to base 6
20030005
What is 245a72 (base 16) in base 7?
26151630
What is -5061102 (base 7) in base 12?
-250b99
363969 (base 14) to base 7
21521262
What is 1440300212 (base 5) in base 3?
21012222010202
-1221120012 (base 3) to base 2
-1001010110101110
Convert -11120102012011 (base 3) to base 11.
-140a084
Convert -147123 (base 8) to base 6.
-1044311
What is 221221221220 (base 3) in base 4?
1330300113
Convert -226340 (base 7) to base 13.
-1566b
What is 17db76 (base 16) in base 10?
1563510
-70186 (base 15) to base 3
-200000121000
What is -34041241 (base 6) in base 4?
-3323323321
364ae1 (base 15) to base 9
4788504
What is -110000101110100111011100 (base 2) in base 7?
-213401360
Convert -454547 (base 9) to base 5.
-32203430
-3321401114 (base 5) to base 3
-111120121012021
18953 (base 16) to base 3
12010010022
46c6a (base 16) to base 4
1012301222
-181022 (base 11) to base 15
-57c59
-1203510 (base 6) to base 10
-63042
-442325155 (base 6) to base 15
-a7317b
What is 22113313 (base 4) in base 3?
2011021121
Convert 23021000131 (base 4) to base 5.
1221423402
12342321 (base 5) to base 2
11101101011110010
32280 (base 12) to base 8
201000
59cd59 (base 15) to base 4
100120311021
2412105 (base 10) to base 12
983a89
15382066 (base 9) to base 10
7671327
What is 121b95 (base 14) in base 2?
10010111010010100111
What is -26a980 (base 11) in base 9?
-716184
-2021a5 (base 11) to base 5
-40400000
-84dd3 (base 14) to base 13
-b3182
Convert -10001101111001100 (base 2) to base 9.
-120584
1845841 (base 9) to base 8
3744247
Convert 541302 (base 6) to base 3.
2020220002
3222430 (base 5) to base 16
d5d4
What is 71637 (base 16) in base 6?
13542103
Convert -102211012020111 (base 3) to base 5.
-3102021242
What is 150844a (base 12) in base 4?
100030101322
What is -1474974 (base 11) in base 13?
-6a5243
f77b3 (base 16) to base 10
1013683
What is 4040332141 (base 5) in base 11?
4658120
Convert 357378 (base 10) to base 12.
152996
Convert -13376437 (base 8) to base 3.
-12200010022122
What 